{"id":5698,"date":"2023-09-18T09:44:45","date_gmt":"2023-09-18T09:44:45","guid":{"rendered":"https:\/\/camposdehellinqr.com\/?page_id=5698"},"modified":"2023-09-19T17:07:47","modified_gmt":"2023-09-19T17:07:47","slug":"fuente-alamop","status":"publish","type":"page","link":"https:\/\/camposdehellinqr.com\/index.php\/fuente-alamop\/","title":{"rendered":"Fuente-\u00c1lamo"},"content":{"rendered":"\t\t<div data-elementor-type=\"wp-page\" data-elementor-id=\"5698\" class=\"elementor elementor-5698\" data-elementor-post-type=\"page\">\n\t\t\t\t\t\t\t\t\t<section class=\"elementor-section elementor-top-section elementor-element elementor-element-89ef3ac elementor-section-boxed elementor-section-height-default elementor-section-height-default\" data-id=\"89ef3ac\" data-element_type=\"section\">\n\t\t\t\t\t\t\t<div class=\"elementor-background-overlay\"><\/div>\n\t\t\t\t\t\t\t<div class=\"elementor-container elementor-column-gap-default\">\n\t\t\t\t\t<div class=\"elementor-column elementor-col-100 elementor-top-column elementor-element elementor-element-e076a23\" data-id=\"e076a23\" data-element_type=\"column\">\n\t\t\t<div class=\"elementor-widget-wrap elementor-element-populated\">\n\t\t\t\t\t\t\t\t<div class=\"elementor-element elementor-element-c7e6a46 elementor-widget elementor-widget-heading\" data-id=\"c7e6a46\" data-element_type=\"widget\" data-widget_type=\"heading.default\">\n\t\t\t\t<div class=\"elementor-widget-container\">\n\t\t\t<h3 class=\"elementor-heading-title elementor-size-default\">Fuente-\u00c1lamo<\/h3>\t\t<\/div>\n\t\t\t\t<\/div>\n\t\t\t\t<div class=\"elementor-element elementor-element-3889d7b elementor-widget elementor-widget-text-editor\" data-id=\"3889d7b\" data-element_type=\"widget\" data-widget_type=\"text-editor.default\">\n\t\t\t\t<div class=\"elementor-widget-container\">\n\t\t\t\t\t\t\t<ul><li><a href=\"https:\/\/camposdehellinqr.com\/index.php\/iglesia-de-san-dionisio-areopagita\/\"><strong> Iglesia de San Dionisio Areopagita<\/strong><\/a><\/li><li><a href=\"https:\/\/camposdehellinqr.com\/index.php\/167-plaza-del-ayuntamiento-de-fuente-alamo\/\"><strong>Plaza del Ayuntamiento de Fuente-\u00c1lamo<\/strong><\/a><\/li><li><a href=\"https:\/\/camposdehellinqr.com\/index.php\/168-vista-panoramica-de-fuente-alamo\/\"><strong>Vista panor\u00e1mica de Fuente-\u00c1lamo<\/strong><\/a><\/li><li><a href=\"https:\/\/camposdehellinqr.com\/index.php\/169-cerro-fortaleza\/\"><strong>Cerros Fortaleza, Mainetico y Mainet\u00f3n<\/strong><\/a><\/li><li><a href=\"https:\/\/camposdehellinqr.com\/index.php\/170-parque-del-cerrico-billote\/\"><strong>Parque del Cerrico Billote<\/strong><\/a><\/li><li><a href=\"https:\/\/camposdehellinqr.com\/index.php\/171-fuente-del-escaramujo\/\"><strong>Fuente del Escaramujo<\/strong><\/a><\/li><li><a href=\"https:\/\/camposdehellinqr.com\/index.php\/172-chortales\/\"><strong>Chortales<\/strong><\/a><\/li><li><a href=\"https:\/\/camposdehellinqr.com\/index.php\/173-cuco\/\"><strong>Cuco<\/strong><\/a><\/li><li><a href=\"https:\/\/camposdehellinqr.com\/index.php\/fuente-alamo-y-el-agua\/\"><strong>Fuente-\u00c1lamo y el agua<\/strong><\/a><\/li><li><a href=\"https:\/\/camposdehellinqr.com\/index.php\/126-fuentealam\/\"><strong>Fuente-\u00c1lamo<\/strong><\/a><\/li><\/ul>\t\t\t\t\t\t<\/div>\n\t\t\t\t<\/div>\n\t\t\t\t\t<\/div>\n\t\t<\/div>\n\t\t\t\t\t\t\t<\/div>\n\t\t<\/section>\n\t\t\t\t\t\t\t<\/div>\n\t\t","protected":false},"excerpt":{"rendered":"<p>Fuente-\u00c1lamo Iglesia de San Dionisio Areopagita Plaza del Ayuntamiento de Fuente-\u00c1lamo Vista panor\u00e1mica de Fuente-\u00c1lamo Cerros Fortaleza, Mainetico y Mainet\u00f3n Parque del Cerrico Billote Fuente del Escaramujo Chortales Cuco Fuente-\u00c1lamo y el agua Fuente-\u00c1lamo<\/p>\n","protected":false},"author":1,"featured_media":0,"parent":0,"menu_order":0,"comment_status":"closed","ping_status":"closed","template":"","meta":{"site-sidebar-layout":"no-sidebar","site-content-layout":"page-builder","ast-site-content-layout":"full-width-container","site-content-style":"default","site-sidebar-style":"default","ast-global-header-display":"","ast-banner-title-visibility":"","ast-main-header-display":"","ast-hfb-above-header-display":"","ast-hfb-below-header-display":"","ast-hfb-mobile-header-display":"","site-post-title":"disabled","ast-breadcrumbs-content":"","ast-featured-img":"disabled","footer-sml-layout":"","theme-transparent-header-meta":"","adv-header-id-meta":"","stick-header-meta":"","header-above-stick-meta":"","header-main-stick-meta":"","header-below-stick-meta":"","astra-migrate-meta-layouts":"set","footnotes":""},"class_list":["post-5698","page","type-page","status-publish","hentry"],"yoast_head":"<!-- This site is optimized with the Yoast SEO Premium plugin v20.0 (Yoast SEO v21.3) - https:\/\/yoast.com\/wordpress\/plugins\/seo\/ -->\n<title>Fuente-\u00c1lamo - Campos de Hell\u00edn QR<\/title>\n<meta name=\"robots\" content=\"index, follow, max-snippet:-1, max-image-preview:large, max-video-preview:-1\" \/>\n<link rel=\"canonical\" href=\"https:\/\/camposdehellinqr.com\/index.php\/fuente-alamop\/\" \/>\n<meta property=\"og:locale\" content=\"es_ES\" \/>\n<meta property=\"og:type\" content=\"article\" \/>\n<meta property=\"og:title\" content=\"Fuente-\u00c1lamo\" \/>\n<meta property=\"og:description\" content=\"Fuente-\u00c1lamo Iglesia de San Dionisio Areopagita Plaza del Ayuntamiento de Fuente-\u00c1lamo Vista panor\u00e1mica de Fuente-\u00c1lamo Cerros Fortaleza, Mainetico y Mainet\u00f3n Parque del Cerrico Billote Fuente del Escaramujo Chortales Cuco Fuente-\u00c1lamo y el agua Fuente-\u00c1lamo\" \/>\n<meta property=\"og:url\" content=\"https:\/\/camposdehellinqr.com\/index.php\/fuente-alamop\/\" \/>\n<meta property=\"og:site_name\" content=\"Campos de Hell\u00edn QR\" \/>\n<meta property=\"article:modified_time\" content=\"2023-09-19T17:07:47+00:00\" \/>\n<meta property=\"og:image\" content=\"https:\/\/camposdehellinqr.com\/wp-content\/uploads\/2023\/09\/favicon.png\" \/>\n\t<meta property=\"og:image:width\" content=\"256\" \/>\n\t<meta property=\"og:image:height\" content=\"256\" \/>\n\t<meta property=\"og:image:type\" content=\"image\/png\" \/>\n<meta name=\"twitter:card\" content=\"summary_large_image\" \/>\n<script type=\"application\/ld+json\" class=\"yoast-schema-graph\">{\"@context\":\"https:\/\/schema.org\",\"@graph\":[{\"@type\":\"WebPage\",\"@id\":\"https:\/\/camposdehellinqr.com\/index.php\/fuente-alamop\/\",\"url\":\"https:\/\/camposdehellinqr.com\/index.php\/fuente-alamop\/\",\"name\":\"Fuente-\u00c1lamo - Campos de Hell\u00edn QR\",\"isPartOf\":{\"@id\":\"https:\/\/camposdehellinqr.com\/#website\"},\"datePublished\":\"2023-09-18T09:44:45+00:00\",\"dateModified\":\"2023-09-19T17:07:47+00:00\",\"breadcrumb\":{\"@id\":\"https:\/\/camposdehellinqr.com\/index.php\/fuente-alamop\/#breadcrumb\"},\"inLanguage\":\"es\",\"potentialAction\":[{\"@type\":\"ReadAction\",\"target\":[\"https:\/\/camposdehellinqr.com\/index.php\/fuente-alamop\/\"]}]},{\"@type\":\"BreadcrumbList\",\"@id\":\"https:\/\/camposdehellinqr.com\/index.php\/fuente-alamop\/#breadcrumb\",\"itemListElement\":[{\"@type\":\"ListItem\",\"position\":1,\"name\":\"Home\",\"item\":\"https:\/\/camposdehellinqr.com\/\"},{\"@type\":\"ListItem\",\"position\":2,\"name\":\"Fuente-\u00c1lamo\"}]},{\"@type\":\"WebSite\",\"@id\":\"https:\/\/camposdehellinqr.com\/#website\",\"url\":\"https:\/\/camposdehellinqr.com\/\",\"name\":\"Campos de Hell\u00edn QR\",\"description\":\"La comarca Campos de Hell\u00edn en 360\u00ba\",\"publisher\":{\"@id\":\"https:\/\/camposdehellinqr.com\/#organization\"},\"potentialAction\":[{\"@type\":\"SearchAction\",\"target\":{\"@type\":\"EntryPoint\",\"urlTemplate\":\"https:\/\/camposdehellinqr.com\/?s={search_term_string}\"},\"query-input\":\"required name=search_term_string\"}],\"inLanguage\":\"es\"},{\"@type\":\"Organization\",\"@id\":\"https:\/\/camposdehellinqr.com\/#organization\",\"name\":\"Campos de Hell\u00edn QR\",\"url\":\"https:\/\/camposdehellinqr.com\/\",\"logo\":{\"@type\":\"ImageObject\",\"inLanguage\":\"es\",\"@id\":\"https:\/\/camposdehellinqr.com\/#\/schema\/logo\/image\/\",\"url\":\"https:\/\/camposdehellinqr.com\/wp-content\/uploads\/2020\/02\/logoqr.png\",\"contentUrl\":\"https:\/\/camposdehellinqr.com\/wp-content\/uploads\/2020\/02\/logoqr.png\",\"width\":300,\"height\":50,\"caption\":\"Campos de Hell\u00edn QR\"},\"image\":{\"@id\":\"https:\/\/camposdehellinqr.com\/#\/schema\/logo\/image\/\"}}]}<\/script>\n<!-- \/ Yoast SEO Premium plugin. -->","yoast_head_json":{"title":"Fuente-\u00c1lamo - Campos de Hell\u00edn QR","robots":{"index":"index","follow":"follow","max-snippet":"max-snippet:-1","max-image-preview":"max-image-preview:large","max-video-preview":"max-video-preview:-1"},"canonical":"https:\/\/camposdehellinqr.com\/index.php\/fuente-alamop\/","og_locale":"es_ES","og_type":"article","og_title":"Fuente-\u00c1lamo","og_description":"Fuente-\u00c1lamo Iglesia de San Dionisio Areopagita Plaza del Ayuntamiento de Fuente-\u00c1lamo Vista panor\u00e1mica de Fuente-\u00c1lamo Cerros Fortaleza, Mainetico y Mainet\u00f3n Parque del Cerrico Billote Fuente del Escaramujo Chortales Cuco Fuente-\u00c1lamo y el agua Fuente-\u00c1lamo","og_url":"https:\/\/camposdehellinqr.com\/index.php\/fuente-alamop\/","og_site_name":"Campos de Hell\u00edn QR","article_modified_time":"2023-09-19T17:07:47+00:00","og_image":[{"width":256,"height":256,"url":"https:\/\/camposdehellinqr.com\/wp-content\/uploads\/2023\/09\/favicon.png","type":"image\/png"}],"twitter_card":"summary_large_image","schema":{"@context":"https:\/\/schema.org","@graph":[{"@type":"WebPage","@id":"https:\/\/camposdehellinqr.com\/index.php\/fuente-alamop\/","url":"https:\/\/camposdehellinqr.com\/index.php\/fuente-alamop\/","name":"Fuente-\u00c1lamo - Campos de Hell\u00edn QR","isPartOf":{"@id":"https:\/\/camposdehellinqr.com\/#website"},"datePublished":"2023-09-18T09:44:45+00:00","dateModified":"2023-09-19T17:07:47+00:00","breadcrumb":{"@id":"https:\/\/camposdehellinqr.com\/index.php\/fuente-alamop\/#breadcrumb"},"inLanguage":"es","potentialAction":[{"@type":"ReadAction","target":["https:\/\/camposdehellinqr.com\/index.php\/fuente-alamop\/"]}]},{"@type":"BreadcrumbList","@id":"https:\/\/camposdehellinqr.com\/index.php\/fuente-alamop\/#breadcrumb","itemListElement":[{"@type":"ListItem","position":1,"name":"Home","item":"https:\/\/camposdehellinqr.com\/"},{"@type":"ListItem","position":2,"name":"Fuente-\u00c1lamo"}]},{"@type":"WebSite","@id":"https:\/\/camposdehellinqr.com\/#website","url":"https:\/\/camposdehellinqr.com\/","name":"Campos de Hell\u00edn QR","description":"La comarca Campos de Hell\u00edn en 360\u00ba","publisher":{"@id":"https:\/\/camposdehellinqr.com\/#organization"},"potentialAction":[{"@type":"SearchAction","target":{"@type":"EntryPoint","urlTemplate":"https:\/\/camposdehellinqr.com\/?s={search_term_string}"},"query-input":"required name=search_term_string"}],"inLanguage":"es"},{"@type":"Organization","@id":"https:\/\/camposdehellinqr.com\/#organization","name":"Campos de Hell\u00edn QR","url":"https:\/\/camposdehellinqr.com\/","logo":{"@type":"ImageObject","inLanguage":"es","@id":"https:\/\/camposdehellinqr.com\/#\/schema\/logo\/image\/","url":"https:\/\/camposdehellinqr.com\/wp-content\/uploads\/2020\/02\/logoqr.png","contentUrl":"https:\/\/camposdehellinqr.com\/wp-content\/uploads\/2020\/02\/logoqr.png","width":300,"height":50,"caption":"Campos de Hell\u00edn QR"},"image":{"@id":"https:\/\/camposdehellinqr.com\/#\/schema\/logo\/image\/"}}]}},"_links":{"self":[{"href":"https:\/\/camposdehellinqr.com\/index.php\/wp-json\/wp\/v2\/pages\/5698","targetHints":{"allow":["GET"]}}],"collection":[{"href":"https:\/\/camposdehellinqr.com\/index.php\/wp-json\/wp\/v2\/pages"}],"about":[{"href":"https:\/\/camposdehellinqr.com\/index.php\/wp-json\/wp\/v2\/types\/page"}],"author":[{"embeddable":true,"href":"https:\/\/camposdehellinqr.com\/index.php\/wp-json\/wp\/v2\/users\/1"}],"replies":[{"embeddable":true,"href":"https:\/\/camposdehellinqr.com\/index.php\/wp-json\/wp\/v2\/comments?post=5698"}],"version-history":[{"count":14,"href":"https:\/\/camposdehellinqr.com\/index.php\/wp-json\/wp\/v2\/pages\/5698\/revisions"}],"predecessor-version":[{"id":6401,"href":"https:\/\/camposdehellinqr.com\/index.php\/wp-json\/wp\/v2\/pages\/5698\/revisions\/6401"}],"wp:attachment":[{"href":"https:\/\/camposdehellinqr.com\/index.php\/wp-json\/wp\/v2\/media?parent=5698"}],"curies":[{"name":"wp","href":"https:\/\/api.w.org\/{rel}","templated":true}]}}