{"id":6134,"date":"2023-09-19T15:51:48","date_gmt":"2023-09-19T15:51:48","guid":{"rendered":"https:\/\/camposdehellinqr.com\/?page_id=6134"},"modified":"2023-09-19T17:41:21","modified_gmt":"2023-09-19T17:41:21","slug":"ermita-de-san-rafael-s-xvii","status":"publish","type":"page","link":"https:\/\/camposdehellinqr.com\/index.php\/ermita-de-san-rafael-s-xvii\/","title":{"rendered":"Ermita de San Rafael"},"content":{"rendered":"\t\t<div data-elementor-type=\"wp-page\" data-elementor-id=\"6134\" class=\"elementor elementor-6134\" data-elementor-post-type=\"page\">\n\t\t\t\t\t\t\t\t\t<section class=\"elementor-section elementor-top-section elementor-element elementor-element-89ef3ac elementor-section-boxed elementor-section-height-default elementor-section-height-default\" data-id=\"89ef3ac\" data-element_type=\"section\">\n\t\t\t\t\t\t\t<div class=\"elementor-background-overlay\"><\/div>\n\t\t\t\t\t\t\t<div class=\"elementor-container elementor-column-gap-default\">\n\t\t\t\t\t<div class=\"elementor-column elementor-col-100 elementor-top-column elementor-element elementor-element-e076a23\" data-id=\"e076a23\" data-element_type=\"column\">\n\t\t\t<div class=\"elementor-widget-wrap elementor-element-populated\">\n\t\t\t\t\t\t\t\t<div class=\"elementor-element elementor-element-c7e6a46 elementor-widget elementor-widget-heading\" data-id=\"c7e6a46\" data-element_type=\"widget\" data-widget_type=\"heading.default\">\n\t\t\t\t<div class=\"elementor-widget-container\">\n\t\t\t<h3 class=\"elementor-heading-title elementor-size-default\">Ermita de San Rafael (S. XVII)<\/h3>\t\t<\/div>\n\t\t\t\t<\/div>\n\t\t\t\t<div class=\"elementor-element elementor-element-bd15688 elementor-widget elementor-widget-google_maps\" data-id=\"bd15688\" data-element_type=\"widget\" data-widget_type=\"google_maps.default\">\n\t\t\t\t<div class=\"elementor-widget-container\">\n\t\t\t\t\t<div class=\"elementor-custom-embed\">\n\t\t\t<iframe loading=\"lazy\"\n\t\t\t\t\tsrc=\"https:\/\/maps.google.com\/maps?q=Ermita%20de%20San%20Rafael%20hellin&#038;t=m&#038;z=16&#038;output=embed&#038;iwloc=near\"\n\t\t\t\t\ttitle=\"Ermita de San Rafael hellin\"\n\t\t\t\t\taria-label=\"Ermita de San Rafael hellin\"\n\t\t\t><\/iframe>\n\t\t<\/div>\n\t\t\t\t<\/div>\n\t\t\t\t<\/div>\n\t\t\t\t<div class=\"elementor-element elementor-element-3889d7b elementor-widget elementor-widget-text-editor\" data-id=\"3889d7b\" data-element_type=\"widget\" data-widget_type=\"text-editor.default\">\n\t\t\t\t<div class=\"elementor-widget-container\">\n\t\t\t\t\t\t\t<p>Hell\u00edn <em>\u201cguarda por devoci\u00f3n del bienaventurado San Rafael &#8211; seg\u00fan la relaci\u00f3n enviada a Felipe II en 1576 &#8211; por la tempestad, que sol\u00eda haber ordinariamente en la dicha villa de piedra, con que no se cog\u00edan frutos, y despu\u00e9s que se celebra la dicha fiesta se ha visto que a cesado la dicha tempestad.\u201d<\/em><\/p>\t\t\t\t\t\t<\/div>\n\t\t\t\t<\/div>\n\t\t\t\t<div class=\"elementor-element elementor-element-1ba3ed5 elementor-widget elementor-widget-image\" data-id=\"1ba3ed5\" data-element_type=\"widget\" data-widget_type=\"image.default\">\n\t\t\t\t<div class=\"elementor-widget-container\">\n\t\t\t\t\t\t\t\t\t\t\t\t\t\t\t\t<a href=\"\/images\/360\/71\/index.htm\">\n\t\t\t\t\t\t\t<img loading=\"lazy\" decoding=\"async\" width=\"800\" height=\"596\" src=\"https:\/\/camposdehellinqr.com\/wp-content\/uploads\/2023\/09\/sanrafael7.jpg\" class=\"attachment-large size-large wp-image-6080\" alt=\"\" srcset=\"https:\/\/camposdehellinqr.com\/wp-content\/uploads\/2023\/09\/sanrafael7.jpg 800w, https:\/\/camposdehellinqr.com\/wp-content\/uploads\/2023\/09\/sanrafael7-300x224.jpg 300w, https:\/\/camposdehellinqr.com\/wp-content\/uploads\/2023\/09\/sanrafael7-768x572.jpg 768w\" sizes=\"auto, (max-width: 800px) 100vw, 800px\" \/>\t\t\t\t\t\t\t\t<\/a>\n\t\t\t\t\t\t\t\t\t\t\t\t\t\t\t<\/div>\n\t\t\t\t<\/div>\n\t\t\t\t<div class=\"elementor-element elementor-element-a56a1c7 elementor-widget elementor-widget-text-editor\" data-id=\"a56a1c7\" data-element_type=\"widget\" data-widget_type=\"text-editor.default\">\n\t\t\t\t<div class=\"elementor-widget-container\">\n\t\t\t\t\t\t\t<p><strong><a href=\"http:\/\/www.camposdehellinqr.com\/images\/360\/71\/index.htm\">Acceder a Visita Virtual 360\u00ba<\/a><\/strong><\/p>\t\t\t\t\t\t<\/div>\n\t\t\t\t<\/div>\n\t\t\t\t<div class=\"elementor-element elementor-element-dc941c8 elementor-widget elementor-widget-text-editor\" data-id=\"dc941c8\" data-element_type=\"widget\" data-widget_type=\"text-editor.default\">\n\t\t\t\t<div class=\"elementor-widget-container\">\n\t\t\t\t\t\t\t<p>El edificio de la iglesia, restaurado por la Escuela-Taller, est\u00e1 compuesto por una nave \u00fanica, coro elevado sobre el acceso, presbiterio cubierto por una c\u00fapula y la sacrist\u00eda. La fachada es sobria, la portada se singulariza s\u00f3lo con sillares almohadillados y el campanario fue resuelto con una espada\u00f1a. El exterior contrasta de la decoraci\u00f3n de las superficies interiores, que fueron pintadas por completo en el siglo XVIII.<\/p>\t\t\t\t\t\t<\/div>\n\t\t\t\t<\/div>\n\t\t\t\t<div class=\"elementor-element elementor-element-7e0f9f6 elementor-widget elementor-widget-image\" data-id=\"7e0f9f6\" data-element_type=\"widget\" data-widget_type=\"image.default\">\n\t\t\t\t<div class=\"elementor-widget-container\">\n\t\t\t\t\t\t\t\t\t\t\t\t\t\t\t<img loading=\"lazy\" decoding=\"async\" width=\"768\" height=\"1024\" src=\"https:\/\/camposdehellinqr.com\/wp-content\/uploads\/2023\/09\/sanrafael-768x1024.jpg\" class=\"attachment-large size-large wp-image-6079\" alt=\"\" srcset=\"https:\/\/camposdehellinqr.com\/wp-content\/uploads\/2023\/09\/sanrafael-768x1024.jpg 768w, https:\/\/camposdehellinqr.com\/wp-content\/uploads\/2023\/09\/sanrafael-225x300.jpg 225w, https:\/\/camposdehellinqr.com\/wp-content\/uploads\/2023\/09\/sanrafael.jpg 786w\" sizes=\"auto, (max-width: 768px) 100vw, 768px\" \/>\t\t\t\t\t\t\t\t\t\t\t\t\t\t\t<\/div>\n\t\t\t\t<\/div>\n\t\t\t\t<div class=\"elementor-element elementor-element-81f25fc elementor-widget elementor-widget-text-editor\" data-id=\"81f25fc\" data-element_type=\"widget\" data-widget_type=\"text-editor.default\">\n\t\t\t\t<div class=\"elementor-widget-container\">\n\t\t\t\t\t\t\t<div id=\"sp-message-area\" class=\"span12\"><section id=\"sp-component-area-wrapper\" class=\" \"><div id=\"component-area\" class=\"row-fluid\"><div id=\"sp-component-area\" class=\"span12\"><section id=\"sp-component-wrapper\"><div id=\"sp-component\"><article class=\"item-page post-80 post hentry status-publish category-hellin \"><section class=\"entry-content\"><div class=\"content clearfix\"><p>La ermita de San Rafael es una construcci\u00f3n de materiales modestos y traza sencilla sobre una cruz latina, con brazos muy poco desarrollados en planta, y <strong>\u00e1bside plano (1)<\/strong>. La nave \u00fanica est\u00e1 cubierta con b\u00f3veda de ca\u00f1\u00f3n con <strong>lunetos (2) <\/strong>y arcos fajones que apoyan en las pilastras adosadas a los contrafuertes, entre ellos quedan unas capillas de escaso fondo, a excepci\u00f3n a la enfrentada a la <strong>entrada (3)<\/strong>, que ser\u00eda ampliada a posterior para alojar el trono de la imagen. <strong>El crucero (4)<\/strong> est\u00e1 cubierto con una c\u00fapula de media naranja sobre pechinas y una gran cornisa, y cuya linterna proporciona la luz natural que da mayor \u00e9nfasis a este espacio.<\/p><p>A la construcci\u00f3n original de la ermita se han adosado otras. <strong>La sacrist\u00eda (5)<\/strong> est\u00e1 junto a la cabecera, en el lado del evangelio, desde ella se accede al pulpito. A los pies del templo hay una capilla, que se ha destinado a <strong>museo (6)<\/strong>, y la torre del <strong>campanario (7)<\/strong> por cuya escalera se sube al <strong>coro alto (8)<\/strong>, es una tribuna con frontal ondulado y barandilla de hierro, en la que exist\u00eda un \u00f3rgano de trompeter\u00eda.<\/p><p>Tambi\u00e9n se ados\u00f3 en 1928 el <strong>dep\u00f3sito<\/strong>, hoy en desuso, aprovechando el punto m\u00e1s alto del cerro, para abastecer los ca\u00f1os de agua, como el conservado en la Subida de San Rafael.<\/p><p>La <strong>imagen de San Rafael<\/strong> fue encargada por Crist\u00f3bal Lozano, seg\u00fan su testamento de 1667, al escultor Manuel de Hervi\u00e1s. Seg\u00fan Herbert Gonz\u00e1lez (2009) el resultado es una iconograf\u00eda h\u00edbrida a caballo entre las im\u00e1genes de San Miguel y San Rafael, para ser un San Miguel, a la imagen le faltar\u00eda el demonio vencido a sus pies, para ser un San Rafael tendr\u00eda que estar vestido de peregrino, el escudo es un elemento conflictivo que podr\u00eda aludir al car\u00e1cter profil\u00e1ctico del Santo \u00c1ngel sobre la huerta hellinera a la que protege del pedrisco con su escudo, y el brazo derecho, armado con la espada, puede relacionarse con el escudo de armas de Hell\u00edn.<\/p><p>La talla se salvo de ser quemada durante la Guerra Civil junto a su retablo de madera, seg\u00fan se cuenta, gracias a la complicidad del alcalde con uno de los vecinos, quien la guardo en su propia casa. Tras ser recuperada, con la restauraci\u00f3n se le colocaron unas alas fijas que sustituyeron a las articuladas (hoy en el museo), que en origen se mov\u00edan para a\u00f1adir m\u00e1s teatralidad a las procesiones.<\/p><p>La festividad actual de los \u201cSantos \u00c1ngeles Custodios\u201d es el 29 de septiembre, pero en Hell\u00edn se ha mantenido la celebraci\u00f3n tradicional del 24 de octubre.<\/p><p>Para explicar el origen del <strong>barrio de San Rafael<\/strong>, se ha cre\u00eddo que fue la juder\u00eda de Hell\u00edn. Por las relaciones de impuestos que pagaba cada comunidad religiosa, los hellineros jud\u00edos fueron m\u00e1s numerosos antes de las matanzas de 1391. Las aljamas existieron por las leyes segregadoras hasta la expulsi\u00f3n en 1492. Y la descripci\u00f3n del castillo en 1592 dice que este cerro era <em>\u201cotro padrastro de otra monta\u00f1a hacia la parte del norte como a trescientos pasos de la villa\u201d. Seg\u00fan Joaqu\u00edn Roa (1891) \u201cel barranco llamado del Jud\u00edo al que la tradici\u00f3n quiere hacer teatro de un auto de fe, que se supone llevado a cabo por la Inquisici\u00f3n contra un jud\u00edo\u201d. A lo que Ricardo Mateo (1883) dijo que \u201ccon la expulsi\u00f3n de los Jesuitas en 1769, se alentaron los pac\u00edficos y honrados hijos de Hell\u00edn, algunos se afiliaron a la francmasoner\u00eda y se negaron a seguir entregando la c\u00e9dula, muchos nombres se vieron expuestos al p\u00fablico en la Tablilla, y desde entonces se les empez\u00f3 a llamar jud\u00edos, siendo enterrados aparte de los cristianos, en el barranco de los Jud\u00edos, en el Cerro de San Rafael.\u00bb<\/em><\/p>El <strong>Conjunto Hist\u00f3rico de Hell\u00edn<\/strong>, declarado Bien de Inter\u00e9s Cultural en 2007, ejemplifica la evoluci\u00f3n del urbanismo en los \u00faltimos mil a\u00f1os. Entorno al <strong>Castillo<\/strong>, se conserva desde su fundaci\u00f3n isl\u00e1mica una trama laber\u00edntica de calles estrechas, retorcidas y con callejones ciegos. Entre ellas surge el primer templo cristiano dedicado a Nuestra Se\u00f1ora del <strong>Rosario<\/strong>, reconstruido en los siglos XVIII y XIX. Este n\u00facleo comenz\u00f3 su expansi\u00f3n en el siglo XVI por plazas como la de la <strong>Iglesia de la Asunci\u00f3n<\/strong> y la del Convento de los <strong>Franciscanos<\/strong>. Los cerros de<strong> San Rafael<\/strong> y <strong>San Roque<\/strong> se ocuparon con viviendas sencillas en calles igualmente estrechas que abrazan las ermitas que les dan nombre. Mientras que en las laderas, junto a los huertos, se construyeron casas se\u00f1oriales, como las viviendas convertidas en el Convento de Santa Clara durante el siglo XVII. Ejemplos del XVIII son la Casa Salazar y la Casa de la Fundaci\u00f3n, del XIX es la Casa Falc\u00f3n, en el barrio de<strong> La Portal\u00ed<\/strong>, y de principios del XX es el edificio del <strong>Museo Comarcal<\/strong>.<\/div><\/section><\/article><\/div><\/section><\/div><\/div><\/section><\/div>\t\t\t\t\t\t<\/div>\n\t\t\t\t<\/div>\n\t\t\t\t\t<\/div>\n\t\t<\/div>\n\t\t\t\t\t\t\t<\/div>\n\t\t<\/section>\n\t\t\t\t\t\t\t<\/div>\n\t\t","protected":false},"excerpt":{"rendered":"<p>Ermita de San Rafael (S. XVII) Hell\u00edn \u201cguarda por devoci\u00f3n del bienaventurado San Rafael &#8211; seg\u00fan la relaci\u00f3n enviada a Felipe II en 1576 &#8211; por la tempestad, que sol\u00eda haber ordinariamente en la dicha villa de piedra, con que no se cog\u00edan frutos, y despu\u00e9s que se celebra la dicha fiesta se ha visto &hellip;<\/p>\n<p class=\"read-more\"> <a class=\"\" href=\"https:\/\/camposdehellinqr.com\/index.php\/ermita-de-san-rafael-s-xvii\/\"> <span class=\"screen-reader-text\">Ermita de San Rafael<\/span> Leer m\u00e1s &raquo;<\/a><\/p>\n","protected":false},"author":1,"featured_media":0,"parent":0,"menu_order":0,"comment_status":"closed","ping_status":"closed","template":"","meta":{"site-sidebar-layout":"no-sidebar","site-content-layout":"page-builder","ast-site-content-layout":"full-width-container","site-content-style":"default","site-sidebar-style":"default","ast-global-header-display":"","ast-banner-title-visibility":"","ast-main-header-display":"","ast-hfb-above-header-display":"","ast-hfb-below-header-display":"","ast-hfb-mobile-header-display":"","site-post-title":"disabled","ast-breadcrumbs-content":"","ast-featured-img":"disabled","footer-sml-layout":"","theme-transparent-header-meta":"","adv-header-id-meta":"","stick-header-meta":"","header-above-stick-meta":"","header-main-stick-meta":"","header-below-stick-meta":"","astra-migrate-meta-layouts":"set","footnotes":""},"class_list":["post-6134","page","type-page","status-publish","hentry"],"yoast_head":"<!-- This site is optimized with the Yoast SEO Premium plugin v20.0 (Yoast SEO v21.3) - https:\/\/yoast.com\/wordpress\/plugins\/seo\/ -->\n<title>Ermita de San Rafael - Campos de Hell\u00edn QR<\/title>\n<meta name=\"robots\" content=\"index, follow, max-snippet:-1, max-image-preview:large, max-video-preview:-1\" \/>\n<link rel=\"canonical\" href=\"https:\/\/camposdehellinqr.com\/index.php\/ermita-de-san-rafael-s-xvii\/\" \/>\n<meta property=\"og:locale\" content=\"es_ES\" \/>\n<meta property=\"og:type\" content=\"article\" \/>\n<meta property=\"og:title\" content=\"Ermita de San Rafael\" \/>\n<meta property=\"og:description\" content=\"Ermita de San Rafael (S. XVII) Hell\u00edn \u201cguarda por devoci\u00f3n del bienaventurado San Rafael &#8211; seg\u00fan la relaci\u00f3n enviada a Felipe II en 1576 &#8211; por la tempestad, que sol\u00eda haber ordinariamente en la dicha villa de piedra, con que no se cog\u00edan frutos, y despu\u00e9s que se celebra la dicha fiesta se ha visto &hellip; Ermita de San Rafael Leer m\u00e1s &raquo;\" \/>\n<meta property=\"og:url\" content=\"https:\/\/camposdehellinqr.com\/index.php\/ermita-de-san-rafael-s-xvii\/\" \/>\n<meta property=\"og:site_name\" content=\"Campos de Hell\u00edn QR\" \/>\n<meta property=\"article:modified_time\" content=\"2023-09-19T17:41:21+00:00\" \/>\n<meta property=\"og:image\" content=\"https:\/\/camposdehellinqr.com\/wp-content\/uploads\/2023\/09\/sanrafael7.jpg\" \/>\n<meta name=\"twitter:card\" content=\"summary_large_image\" \/>\n<meta name=\"twitter:label1\" content=\"Tiempo de lectura\" \/>\n\t<meta name=\"twitter:data1\" content=\"5 minutos\" \/>\n<script type=\"application\/ld+json\" class=\"yoast-schema-graph\">{\"@context\":\"https:\/\/schema.org\",\"@graph\":[{\"@type\":\"WebPage\",\"@id\":\"https:\/\/camposdehellinqr.com\/index.php\/ermita-de-san-rafael-s-xvii\/\",\"url\":\"https:\/\/camposdehellinqr.com\/index.php\/ermita-de-san-rafael-s-xvii\/\",\"name\":\"Ermita de San Rafael - Campos de Hell\u00edn QR\",\"isPartOf\":{\"@id\":\"https:\/\/camposdehellinqr.com\/#website\"},\"datePublished\":\"2023-09-19T15:51:48+00:00\",\"dateModified\":\"2023-09-19T17:41:21+00:00\",\"breadcrumb\":{\"@id\":\"https:\/\/camposdehellinqr.com\/index.php\/ermita-de-san-rafael-s-xvii\/#breadcrumb\"},\"inLanguage\":\"es\",\"potentialAction\":[{\"@type\":\"ReadAction\",\"target\":[\"https:\/\/camposdehellinqr.com\/index.php\/ermita-de-san-rafael-s-xvii\/\"]}]},{\"@type\":\"BreadcrumbList\",\"@id\":\"https:\/\/camposdehellinqr.com\/index.php\/ermita-de-san-rafael-s-xvii\/#breadcrumb\",\"itemListElement\":[{\"@type\":\"ListItem\",\"position\":1,\"name\":\"Home\",\"item\":\"https:\/\/camposdehellinqr.com\/\"},{\"@type\":\"ListItem\",\"position\":2,\"name\":\"Ermita de San Rafael\"}]},{\"@type\":\"WebSite\",\"@id\":\"https:\/\/camposdehellinqr.com\/#website\",\"url\":\"https:\/\/camposdehellinqr.com\/\",\"name\":\"Campos de Hell\u00edn QR\",\"description\":\"La comarca Campos de Hell\u00edn en 360\u00ba\",\"publisher\":{\"@id\":\"https:\/\/camposdehellinqr.com\/#organization\"},\"potentialAction\":[{\"@type\":\"SearchAction\",\"target\":{\"@type\":\"EntryPoint\",\"urlTemplate\":\"https:\/\/camposdehellinqr.com\/?s={search_term_string}\"},\"query-input\":\"required name=search_term_string\"}],\"inLanguage\":\"es\"},{\"@type\":\"Organization\",\"@id\":\"https:\/\/camposdehellinqr.com\/#organization\",\"name\":\"Campos de Hell\u00edn QR\",\"url\":\"https:\/\/camposdehellinqr.com\/\",\"logo\":{\"@type\":\"ImageObject\",\"inLanguage\":\"es\",\"@id\":\"https:\/\/camposdehellinqr.com\/#\/schema\/logo\/image\/\",\"url\":\"https:\/\/camposdehellinqr.com\/wp-content\/uploads\/2020\/02\/logoqr.png\",\"contentUrl\":\"https:\/\/camposdehellinqr.com\/wp-content\/uploads\/2020\/02\/logoqr.png\",\"width\":300,\"height\":50,\"caption\":\"Campos de Hell\u00edn QR\"},\"image\":{\"@id\":\"https:\/\/camposdehellinqr.com\/#\/schema\/logo\/image\/\"}}]}<\/script>\n<!-- \/ Yoast SEO Premium plugin. -->","yoast_head_json":{"title":"Ermita de San Rafael - Campos de Hell\u00edn QR","robots":{"index":"index","follow":"follow","max-snippet":"max-snippet:-1","max-image-preview":"max-image-preview:large","max-video-preview":"max-video-preview:-1"},"canonical":"https:\/\/camposdehellinqr.com\/index.php\/ermita-de-san-rafael-s-xvii\/","og_locale":"es_ES","og_type":"article","og_title":"Ermita de San Rafael","og_description":"Ermita de San Rafael (S. XVII) Hell\u00edn \u201cguarda por devoci\u00f3n del bienaventurado San Rafael &#8211; seg\u00fan la relaci\u00f3n enviada a Felipe II en 1576 &#8211; por la tempestad, que sol\u00eda haber ordinariamente en la dicha villa de piedra, con que no se cog\u00edan frutos, y despu\u00e9s que se celebra la dicha fiesta se ha visto &hellip; Ermita de San Rafael Leer m\u00e1s &raquo;","og_url":"https:\/\/camposdehellinqr.com\/index.php\/ermita-de-san-rafael-s-xvii\/","og_site_name":"Campos de Hell\u00edn QR","article_modified_time":"2023-09-19T17:41:21+00:00","og_image":[{"url":"https:\/\/camposdehellinqr.com\/wp-content\/uploads\/2023\/09\/sanrafael7.jpg"}],"twitter_card":"summary_large_image","twitter_misc":{"Tiempo de lectura":"5 minutos"},"schema":{"@context":"https:\/\/schema.org","@graph":[{"@type":"WebPage","@id":"https:\/\/camposdehellinqr.com\/index.php\/ermita-de-san-rafael-s-xvii\/","url":"https:\/\/camposdehellinqr.com\/index.php\/ermita-de-san-rafael-s-xvii\/","name":"Ermita de San Rafael - Campos de Hell\u00edn QR","isPartOf":{"@id":"https:\/\/camposdehellinqr.com\/#website"},"datePublished":"2023-09-19T15:51:48+00:00","dateModified":"2023-09-19T17:41:21+00:00","breadcrumb":{"@id":"https:\/\/camposdehellinqr.com\/index.php\/ermita-de-san-rafael-s-xvii\/#breadcrumb"},"inLanguage":"es","potentialAction":[{"@type":"ReadAction","target":["https:\/\/camposdehellinqr.com\/index.php\/ermita-de-san-rafael-s-xvii\/"]}]},{"@type":"BreadcrumbList","@id":"https:\/\/camposdehellinqr.com\/index.php\/ermita-de-san-rafael-s-xvii\/#breadcrumb","itemListElement":[{"@type":"ListItem","position":1,"name":"Home","item":"https:\/\/camposdehellinqr.com\/"},{"@type":"ListItem","position":2,"name":"Ermita de San Rafael"}]},{"@type":"WebSite","@id":"https:\/\/camposdehellinqr.com\/#website","url":"https:\/\/camposdehellinqr.com\/","name":"Campos de Hell\u00edn QR","description":"La comarca Campos de Hell\u00edn en 360\u00ba","publisher":{"@id":"https:\/\/camposdehellinqr.com\/#organization"},"potentialAction":[{"@type":"SearchAction","target":{"@type":"EntryPoint","urlTemplate":"https:\/\/camposdehellinqr.com\/?s={search_term_string}"},"query-input":"required name=search_term_string"}],"inLanguage":"es"},{"@type":"Organization","@id":"https:\/\/camposdehellinqr.com\/#organization","name":"Campos de Hell\u00edn QR","url":"https:\/\/camposdehellinqr.com\/","logo":{"@type":"ImageObject","inLanguage":"es","@id":"https:\/\/camposdehellinqr.com\/#\/schema\/logo\/image\/","url":"https:\/\/camposdehellinqr.com\/wp-content\/uploads\/2020\/02\/logoqr.png","contentUrl":"https:\/\/camposdehellinqr.com\/wp-content\/uploads\/2020\/02\/logoqr.png","width":300,"height":50,"caption":"Campos de Hell\u00edn QR"},"image":{"@id":"https:\/\/camposdehellinqr.com\/#\/schema\/logo\/image\/"}}]}},"_links":{"self":[{"href":"https:\/\/camposdehellinqr.com\/index.php\/wp-json\/wp\/v2\/pages\/6134","targetHints":{"allow":["GET"]}}],"collection":[{"href":"https:\/\/camposdehellinqr.com\/index.php\/wp-json\/wp\/v2\/pages"}],"about":[{"href":"https:\/\/camposdehellinqr.com\/index.php\/wp-json\/wp\/v2\/types\/page"}],"author":[{"embeddable":true,"href":"https:\/\/camposdehellinqr.com\/index.php\/wp-json\/wp\/v2\/users\/1"}],"replies":[{"embeddable":true,"href":"https:\/\/camposdehellinqr.com\/index.php\/wp-json\/wp\/v2\/comments?post=6134"}],"version-history":[{"count":5,"href":"https:\/\/camposdehellinqr.com\/index.php\/wp-json\/wp\/v2\/pages\/6134\/revisions"}],"predecessor-version":[{"id":6512,"href":"https:\/\/camposdehellinqr.com\/index.php\/wp-json\/wp\/v2\/pages\/6134\/revisions\/6512"}],"wp:attachment":[{"href":"https:\/\/camposdehellinqr.com\/index.php\/wp-json\/wp\/v2\/media?parent=6134"}],"curies":[{"name":"wp","href":"https:\/\/api.w.org\/{rel}","templated":true}]}}