{"id":6143,"date":"2023-09-19T10:34:23","date_gmt":"2023-09-19T10:34:23","guid":{"rendered":"https:\/\/camposdehellinqr.com\/?page_id=6143"},"modified":"2023-09-19T17:36:21","modified_gmt":"2023-09-19T17:36:21","slug":"mingogil-2","status":"publish","type":"page","link":"https:\/\/camposdehellinqr.com\/index.php\/mingogil-2\/","title":{"rendered":"Mingogil"},"content":{"rendered":"\t\t<div data-elementor-type=\"wp-page\" data-elementor-id=\"6143\" class=\"elementor elementor-6143\" data-elementor-post-type=\"page\">\n\t\t\t\t\t\t\t\t\t<section class=\"elementor-section elementor-top-section elementor-element elementor-element-89ef3ac elementor-section-boxed elementor-section-height-default elementor-section-height-default\" data-id=\"89ef3ac\" data-element_type=\"section\">\n\t\t\t\t\t\t\t<div class=\"elementor-background-overlay\"><\/div>\n\t\t\t\t\t\t\t<div class=\"elementor-container elementor-column-gap-default\">\n\t\t\t\t\t<div class=\"elementor-column elementor-col-100 elementor-top-column elementor-element elementor-element-e076a23\" data-id=\"e076a23\" data-element_type=\"column\">\n\t\t\t<div class=\"elementor-widget-wrap elementor-element-populated\">\n\t\t\t\t\t\t\t\t<div class=\"elementor-element elementor-element-c7e6a46 elementor-widget elementor-widget-heading\" data-id=\"c7e6a46\" data-element_type=\"widget\" data-widget_type=\"heading.default\">\n\t\t\t\t<div class=\"elementor-widget-container\">\n\t\t\t<h3 class=\"elementor-heading-title elementor-size-default\">Mingogil<\/h3>\t\t<\/div>\n\t\t\t\t<\/div>\n\t\t\t\t<div class=\"elementor-element elementor-element-bd15688 elementor-widget elementor-widget-google_maps\" data-id=\"bd15688\" data-element_type=\"widget\" data-widget_type=\"google_maps.default\">\n\t\t\t\t<div class=\"elementor-widget-container\">\n\t\t\t\t\t<div class=\"elementor-custom-embed\">\n\t\t\t<iframe loading=\"lazy\"\n\t\t\t\t\tsrc=\"https:\/\/maps.google.com\/maps?q=Mingogil&#038;t=m&#038;z=16&#038;output=embed&#038;iwloc=near\"\n\t\t\t\t\ttitle=\"Mingogil\"\n\t\t\t\t\taria-label=\"Mingogil\"\n\t\t\t><\/iframe>\n\t\t<\/div>\n\t\t\t\t<\/div>\n\t\t\t\t<\/div>\n\t\t\t\t<div class=\"elementor-element elementor-element-3889d7b elementor-widget elementor-widget-text-editor\" data-id=\"3889d7b\" data-element_type=\"widget\" data-widget_type=\"text-editor.default\">\n\t\t\t\t<div class=\"elementor-widget-container\">\n\t\t\t\t\t\t\t<p>Ca\u00f1ada de Agra, Mingogil y Nava de Campa\u00f1a son los pueblos construidos a partir de <strong>1962<\/strong> por el <strong>Instituto Nacional de Colonizaci\u00f3n (INC)<\/strong> en la zona dominada por el canal de Hell\u00edn, que lleva el nombre de Juan Mart\u00ednez Parras porque fue el alcalde que comenz\u00f3 en 1927 las gestiones para abastecer a la ciudad con agua del r\u00edo Mundo.<\/p>\t\t\t\t\t\t<\/div>\n\t\t\t\t<\/div>\n\t\t\t\t<div class=\"elementor-element elementor-element-1ba3ed5 elementor-widget elementor-widget-image\" data-id=\"1ba3ed5\" data-element_type=\"widget\" data-widget_type=\"image.default\">\n\t\t\t\t<div class=\"elementor-widget-container\">\n\t\t\t\t\t\t\t\t\t\t\t\t\t\t\t\t<a href=\"\/images\/360\/46\/index.htm\">\n\t\t\t\t\t\t\t<img loading=\"lazy\" decoding=\"async\" width=\"800\" height=\"400\" src=\"https:\/\/camposdehellinqr.com\/wp-content\/uploads\/2023\/09\/mingogil.jpg\" class=\"attachment-large size-large wp-image-6097\" alt=\"\" srcset=\"https:\/\/camposdehellinqr.com\/wp-content\/uploads\/2023\/09\/mingogil.jpg 800w, https:\/\/camposdehellinqr.com\/wp-content\/uploads\/2023\/09\/mingogil-300x150.jpg 300w, https:\/\/camposdehellinqr.com\/wp-content\/uploads\/2023\/09\/mingogil-768x384.jpg 768w\" sizes=\"auto, (max-width: 800px) 100vw, 800px\" \/>\t\t\t\t\t\t\t\t<\/a>\n\t\t\t\t\t\t\t\t\t\t\t\t\t\t\t<\/div>\n\t\t\t\t<\/div>\n\t\t\t\t<div class=\"elementor-element elementor-element-a56a1c7 elementor-widget elementor-widget-text-editor\" data-id=\"a56a1c7\" data-element_type=\"widget\" data-widget_type=\"text-editor.default\">\n\t\t\t\t<div class=\"elementor-widget-container\">\n\t\t\t\t\t\t\t<p><strong><a href=\"http:\/\/www.camposdehellinqr.com\/images\/360\/46\/index.htm\">Acceder a Visita Virtual 360\u00ba<\/a><\/strong><\/p>\t\t\t\t\t\t<\/div>\n\t\t\t\t<\/div>\n\t\t\t\t<div class=\"elementor-element elementor-element-dc941c8 elementor-widget elementor-widget-text-editor\" data-id=\"dc941c8\" data-element_type=\"widget\" data-widget_type=\"text-editor.default\">\n\t\t\t\t<div class=\"elementor-widget-container\">\n\t\t\t\t\t\t\t<p>La colonizaci\u00f3n de la zona dominada por el canal de Hell\u00edn fue declarada de alto inter\u00e9s nacional por el decreto de 6 de julio de 1956 del Consejo de Ministros \u201cpara compensaci\u00f3n y traslado de las familias de cultivadores afectados por las expropiaciones de los terrenos que constituyen los vasos de los pantanos de Camarillas y Cenajo\u2026(20 a\u00f1os antes) por Orden del Ministerio de Obras P\u00fablicas y Comunicaciones, de 20 de enero de 1936, se concedi\u00f3 al Sindicato de Riegos de Hell\u00edn un caudal de un metro c\u00fabico de agua por segundo, a derivar del r\u00edo Mundo, con destino al abastecimiento de la poblaci\u00f3n de Hell\u00edn y para el riego de 2.970 hect\u00e1reas\u2026Por la regularizaci\u00f3n del caudal de agua rodada concedido y la posibilidad de reforzarlo con aguas subterr\u00e1neas alumbras\u201d la extensi\u00f3n transformable en regad\u00edo fue de 4.440 hect\u00e1reas, de las que 1.755 fueron repartidas a unos 200 colonos entre 1966 y 1972.<\/p>\t\t\t\t\t\t<\/div>\n\t\t\t\t<\/div>\n\t\t\t\t<div class=\"elementor-element elementor-element-717f65b elementor-widget elementor-widget-image\" data-id=\"717f65b\" data-element_type=\"widget\" data-widget_type=\"image.default\">\n\t\t\t\t<div class=\"elementor-widget-container\">\n\t\t\t\t\t\t\t\t\t\t\t\t\t\t\t<img loading=\"lazy\" decoding=\"async\" width=\"800\" height=\"566\" src=\"https:\/\/camposdehellinqr.com\/wp-content\/uploads\/2023\/09\/canal-2.jpg\" class=\"attachment-large size-large wp-image-6103\" alt=\"\" srcset=\"https:\/\/camposdehellinqr.com\/wp-content\/uploads\/2023\/09\/canal-2.jpg 800w, https:\/\/camposdehellinqr.com\/wp-content\/uploads\/2023\/09\/canal-2-300x212.jpg 300w, https:\/\/camposdehellinqr.com\/wp-content\/uploads\/2023\/09\/canal-2-768x543.jpg 768w\" sizes=\"auto, (max-width: 800px) 100vw, 800px\" \/>\t\t\t\t\t\t\t\t\t\t\t\t\t\t\t<\/div>\n\t\t\t\t<\/div>\n\t\t\t\t<div class=\"elementor-element elementor-element-7b67610 elementor-widget elementor-widget-text-editor\" data-id=\"7b67610\" data-element_type=\"widget\" data-widget_type=\"text-editor.default\">\n\t\t\t\t<div class=\"elementor-widget-container\">\n\t\t\t\t\t\t\t<p>El top\u00f3nimo de <strong>Mingogil<\/strong> proviene del nombre del capataz encargado de regentar las tierras de la familia Mill\u00e1n, donde posteriormente se ubic\u00f3 el citado poblado. Este asalariado era Domingo Gil, m\u00e1s conocido con el sobrenombre de \u201cMingo-Gil\u201d.<\/p><p>El pueblo fue proyectado en 1957 por el arquitecto Jes\u00fas Ayuso Tejerizo, tambi\u00e9n autor de Nava de Campa\u00f1a. Re\u00fane ochenta viviendas para colonos y diecis\u00e9is destinadas a obreros agr\u00edcolas, se emplaz\u00f3 en un terreno con suaves pendiente formado por una vaguada, desarroll\u00e1ndose el n\u00facleo a ambos lados de la misma, que se constituye en la arteria principal de la citada poblaci\u00f3n. En su centro y cerrando una espaciosas plaza rectangular, se alinean todos los edificios p\u00fablicos. Debido a las caracter\u00edsticas de la vivienda, que aglutina todas las dependencias propias de la explotaci\u00f3n agr\u00edcola, el trazado viario se proyect\u00f3 de manera que el acceso a dichos usos (corrales, establos y dem\u00e1s) se produce por viales distintos de los que dan entrada a la parte habitada. Las fachadas de las viviendas dan a calles con poco tr\u00e1fico y con abundantes zonas verdes (en las espaciosas aceras se plant\u00f3 una fila de \u00e1rboles). Se busc\u00f3 as\u00ed el trazado m\u00e1s racional y sobre todo econ\u00f3mico en la ordenaci\u00f3n planim\u00e9trica de este pueblo, al disminuir notablemente las calles dedicadas al tr\u00e1fico rodado.<\/p>\t\t\t\t\t\t<\/div>\n\t\t\t\t<\/div>\n\t\t\t\t<div class=\"elementor-element elementor-element-34a7389 elementor-widget elementor-widget-image\" data-id=\"34a7389\" data-element_type=\"widget\" data-widget_type=\"image.default\">\n\t\t\t\t<div class=\"elementor-widget-container\">\n\t\t\t\t\t\t\t\t\t\t\t\t\t\t\t<img loading=\"lazy\" decoding=\"async\" width=\"450\" height=\"593\" src=\"https:\/\/camposdehellinqr.com\/wp-content\/uploads\/2023\/09\/mingogil2.jpg\" class=\"attachment-large size-large wp-image-6098\" alt=\"\" srcset=\"https:\/\/camposdehellinqr.com\/wp-content\/uploads\/2023\/09\/mingogil2.jpg 450w, https:\/\/camposdehellinqr.com\/wp-content\/uploads\/2023\/09\/mingogil2-228x300.jpg 228w\" sizes=\"auto, (max-width: 450px) 100vw, 450px\" \/>\t\t\t\t\t\t\t\t\t\t\t\t\t\t\t<\/div>\n\t\t\t\t<\/div>\n\t\t\t\t<div class=\"elementor-element elementor-element-7aff98c elementor-widget elementor-widget-text-editor\" data-id=\"7aff98c\" data-element_type=\"widget\" data-widget_type=\"text-editor.default\">\n\t\t\t\t<div class=\"elementor-widget-container\">\n\t\t\t\t\t\t\t<p>Los <strong>edificios p\u00fablicos<\/strong> originales que se concentraron en la Plaza de la Iglesia son el centro administrativo, el consultorio m\u00e9dico, los\u00a0 locales para comercios, las escuelas unitarias y las viviendas para maestros. Los edificios sociales est\u00e1n en el acceso desde Hell\u00edn. Y los edificios de la hermandad sindical se separaron del conjunto urbano.<\/p><p>La iglesia dedicada a San Isidro Labrador, patr\u00f3n de los agricultores, ha sido reconstruida durante el segundo lustro de este siglo, conserv\u00e1ndose la torre original.<\/p><p>Los servicios p\u00fablicos de los poblados fueron competencia del INC (despu\u00e9s IRYDA) hasta ser transferidos al Ayuntamiento de Hell\u00edn en 1980.<\/p><p>Las <strong>unidades de explotaci\u00f3n<\/strong> son (por lo general, en los 300 pueblos del INC) de 4 a 5 hect\u00e1reas de regad\u00edo y el solar urbano destinado al colono para su vivienda y dependencias agr\u00edcolas propias es de 450 a 600 metros cuadrados<\/p><p>Dos son los tipos de viviendas que se adoptaron para los colonos aqu\u00ed, al igual que en Nava de Campana. El primero consta de dos alturas, la planta baja con porche alberga las dependencias de sal\u00f3n comedor, cocina, despensa, un dormitorio y aseo, distribuy\u00e9ndose en la plana superior dos dormitorios. El segundo modelo incorpora una habitaci\u00f3n m\u00e1s en el piso superior, resultando as\u00ed una superficie \u00fatil para toda la vivienda de 99 m2, siendo la construida de 127 m2, frente a los 82 y 109 m2 respectivamente de las primeras. Con esta distinci\u00f3n de modelos se consigue romper la monoton\u00eda y dar un mayor dinamismo al aspecto externo del poblado.<\/p><p>Las viviendas para colonos se completan con todas las dependencias agr\u00edcolas necesarias para al explotaci\u00f3n de la tierra, que se distribuyen alrededor de un gran patio. La vivienda analizada ocupa una superficie de 600 m2, solar que incluye la parte habitada, as\u00ed como las instalaciones de uso agr\u00edcola; estas se ubican en un espacio susceptible de ampliarse en virtud a las necesidades familiares o agropecuarias.<\/p><p>Las dependencias agr\u00edcolas constituyen un edificio con planta en forma de L. una de las alas alberga en planta baja el cobertizo, y en dos alturas la cuadra y el almac\u00e9n de aperos en la baja, y el pajar con el almac\u00e9n de forrajes en la alta. La otra ala es en su totalidad de una sola altura y re\u00fane un peque\u00f1o porche con cocina, el aprisco, la cochiquera y el gallinero.<\/p><p>Adem\u00e1s de las anteriores, se construy\u00f3 un modelo de vivienda m\u00e1s sencillo para los obreros agr\u00edcolas, todas ellas reunidas en una sola calle y enfiladas. Se trata de al igual que las otras, de un edificio de dos plantas, formada la primera por el porche, sal\u00f3n comedor, cocina, despensa y dormitorio, y la segunda constituida por dos dormitorio y el cuarto de aseo; con una superficie \u00fatil y construida de 69 y 94 m2 respectivamente.<\/p><p>La totalidad de las edificaciones han sido tratadas desde el punto de vista constructivo, con gran simplicidad, buscando un sencillo y f\u00e1cil efecto est\u00e9tico con el juego de vol\u00famenes y colores. Esto se ha conseguido a trav\u00e9s de la combinaci\u00f3n de distintas alturas, de par\u00e1metros retranqueados (porche) y voladizos, as\u00ed como por las diferencias de los materiales empleados en su construcci\u00f3n, que alternan las superficies de ladrillo caravista con las encaladas. (Gregorio Canales y David Jerez, 1993)<\/p>\t\t\t\t\t\t<\/div>\n\t\t\t\t<\/div>\n\t\t\t\t\t<\/div>\n\t\t<\/div>\n\t\t\t\t\t\t\t<\/div>\n\t\t<\/section>\n\t\t\t\t\t\t\t<\/div>\n\t\t","protected":false},"excerpt":{"rendered":"<p>Mingogil Ca\u00f1ada de Agra, Mingogil y Nava de Campa\u00f1a son los pueblos construidos a partir de 1962 por el Instituto Nacional de Colonizaci\u00f3n (INC) en la zona dominada por el canal de Hell\u00edn, que lleva el nombre de Juan Mart\u00ednez Parras porque fue el alcalde que comenz\u00f3 en 1927 las gestiones para abastecer a la &hellip;<\/p>\n<p class=\"read-more\"> <a class=\"\" href=\"https:\/\/camposdehellinqr.com\/index.php\/mingogil-2\/\"> <span class=\"screen-reader-text\">Mingogil<\/span> Leer m\u00e1s &raquo;<\/a><\/p>\n","protected":false},"author":1,"featured_media":0,"parent":0,"menu_order":0,"comment_status":"closed","ping_status":"closed","template":"","meta":{"site-sidebar-layout":"no-sidebar","site-content-layout":"page-builder","ast-site-content-layout":"full-width-container","site-content-style":"default","site-sidebar-style":"default","ast-global-header-display":"","ast-banner-title-visibility":"","ast-main-header-display":"","ast-hfb-above-header-display":"","ast-hfb-below-header-display":"","ast-hfb-mobile-header-display":"","site-post-title":"disabled","ast-breadcrumbs-content":"","ast-featured-img":"disabled","footer-sml-layout":"","theme-transparent-header-meta":"","adv-header-id-meta":"","stick-header-meta":"","header-above-stick-meta":"","header-main-stick-meta":"","header-below-stick-meta":"","astra-migrate-meta-layouts":"set","footnotes":""},"class_list":["post-6143","page","type-page","status-publish","hentry"],"yoast_head":"<!-- This site is optimized with the Yoast SEO Premium plugin v20.0 (Yoast SEO v21.3) - https:\/\/yoast.com\/wordpress\/plugins\/seo\/ -->\n<title>Mingogil - Campos de Hell\u00edn QR<\/title>\n<meta name=\"robots\" content=\"index, follow, max-snippet:-1, max-image-preview:large, max-video-preview:-1\" \/>\n<link rel=\"canonical\" href=\"https:\/\/camposdehellinqr.com\/index.php\/mingogil-2\/\" \/>\n<meta property=\"og:locale\" content=\"es_ES\" \/>\n<meta property=\"og:type\" content=\"article\" \/>\n<meta property=\"og:title\" content=\"Mingogil\" \/>\n<meta property=\"og:description\" content=\"Mingogil Ca\u00f1ada de Agra, Mingogil y Nava de Campa\u00f1a son los pueblos construidos a partir de 1962 por el Instituto Nacional de Colonizaci\u00f3n (INC) en la zona dominada por el canal de Hell\u00edn, que lleva el nombre de Juan Mart\u00ednez Parras porque fue el alcalde que comenz\u00f3 en 1927 las gestiones para abastecer a la &hellip; Mingogil Leer m\u00e1s &raquo;\" \/>\n<meta property=\"og:url\" content=\"https:\/\/camposdehellinqr.com\/index.php\/mingogil-2\/\" \/>\n<meta property=\"og:site_name\" content=\"Campos de Hell\u00edn QR\" \/>\n<meta property=\"article:modified_time\" content=\"2023-09-19T17:36:21+00:00\" \/>\n<meta property=\"og:image\" content=\"https:\/\/camposdehellinqr.com\/wp-content\/uploads\/2023\/09\/mingogil.jpg\" \/>\n<meta name=\"twitter:card\" content=\"summary_large_image\" \/>\n<meta name=\"twitter:label1\" content=\"Tiempo de lectura\" \/>\n\t<meta name=\"twitter:data1\" content=\"5 minutos\" \/>\n<script type=\"application\/ld+json\" class=\"yoast-schema-graph\">{\"@context\":\"https:\/\/schema.org\",\"@graph\":[{\"@type\":\"WebPage\",\"@id\":\"https:\/\/camposdehellinqr.com\/index.php\/mingogil-2\/\",\"url\":\"https:\/\/camposdehellinqr.com\/index.php\/mingogil-2\/\",\"name\":\"Mingogil - Campos de Hell\u00edn QR\",\"isPartOf\":{\"@id\":\"https:\/\/camposdehellinqr.com\/#website\"},\"datePublished\":\"2023-09-19T10:34:23+00:00\",\"dateModified\":\"2023-09-19T17:36:21+00:00\",\"breadcrumb\":{\"@id\":\"https:\/\/camposdehellinqr.com\/index.php\/mingogil-2\/#breadcrumb\"},\"inLanguage\":\"es\",\"potentialAction\":[{\"@type\":\"ReadAction\",\"target\":[\"https:\/\/camposdehellinqr.com\/index.php\/mingogil-2\/\"]}]},{\"@type\":\"BreadcrumbList\",\"@id\":\"https:\/\/camposdehellinqr.com\/index.php\/mingogil-2\/#breadcrumb\",\"itemListElement\":[{\"@type\":\"ListItem\",\"position\":1,\"name\":\"Home\",\"item\":\"https:\/\/camposdehellinqr.com\/\"},{\"@type\":\"ListItem\",\"position\":2,\"name\":\"Mingogil\"}]},{\"@type\":\"WebSite\",\"@id\":\"https:\/\/camposdehellinqr.com\/#website\",\"url\":\"https:\/\/camposdehellinqr.com\/\",\"name\":\"Campos de Hell\u00edn QR\",\"description\":\"La comarca Campos de Hell\u00edn en 360\u00ba\",\"publisher\":{\"@id\":\"https:\/\/camposdehellinqr.com\/#organization\"},\"potentialAction\":[{\"@type\":\"SearchAction\",\"target\":{\"@type\":\"EntryPoint\",\"urlTemplate\":\"https:\/\/camposdehellinqr.com\/?s={search_term_string}\"},\"query-input\":\"required name=search_term_string\"}],\"inLanguage\":\"es\"},{\"@type\":\"Organization\",\"@id\":\"https:\/\/camposdehellinqr.com\/#organization\",\"name\":\"Campos de Hell\u00edn QR\",\"url\":\"https:\/\/camposdehellinqr.com\/\",\"logo\":{\"@type\":\"ImageObject\",\"inLanguage\":\"es\",\"@id\":\"https:\/\/camposdehellinqr.com\/#\/schema\/logo\/image\/\",\"url\":\"https:\/\/camposdehellinqr.com\/wp-content\/uploads\/2020\/02\/logoqr.png\",\"contentUrl\":\"https:\/\/camposdehellinqr.com\/wp-content\/uploads\/2020\/02\/logoqr.png\",\"width\":300,\"height\":50,\"caption\":\"Campos de Hell\u00edn QR\"},\"image\":{\"@id\":\"https:\/\/camposdehellinqr.com\/#\/schema\/logo\/image\/\"}}]}<\/script>\n<!-- \/ Yoast SEO Premium plugin. -->","yoast_head_json":{"title":"Mingogil - Campos de Hell\u00edn QR","robots":{"index":"index","follow":"follow","max-snippet":"max-snippet:-1","max-image-preview":"max-image-preview:large","max-video-preview":"max-video-preview:-1"},"canonical":"https:\/\/camposdehellinqr.com\/index.php\/mingogil-2\/","og_locale":"es_ES","og_type":"article","og_title":"Mingogil","og_description":"Mingogil Ca\u00f1ada de Agra, Mingogil y Nava de Campa\u00f1a son los pueblos construidos a partir de 1962 por el Instituto Nacional de Colonizaci\u00f3n (INC) en la zona dominada por el canal de Hell\u00edn, que lleva el nombre de Juan Mart\u00ednez Parras porque fue el alcalde que comenz\u00f3 en 1927 las gestiones para abastecer a la &hellip; Mingogil Leer m\u00e1s &raquo;","og_url":"https:\/\/camposdehellinqr.com\/index.php\/mingogil-2\/","og_site_name":"Campos de Hell\u00edn QR","article_modified_time":"2023-09-19T17:36:21+00:00","og_image":[{"url":"https:\/\/camposdehellinqr.com\/wp-content\/uploads\/2023\/09\/mingogil.jpg"}],"twitter_card":"summary_large_image","twitter_misc":{"Tiempo de lectura":"5 minutos"},"schema":{"@context":"https:\/\/schema.org","@graph":[{"@type":"WebPage","@id":"https:\/\/camposdehellinqr.com\/index.php\/mingogil-2\/","url":"https:\/\/camposdehellinqr.com\/index.php\/mingogil-2\/","name":"Mingogil - Campos de Hell\u00edn QR","isPartOf":{"@id":"https:\/\/camposdehellinqr.com\/#website"},"datePublished":"2023-09-19T10:34:23+00:00","dateModified":"2023-09-19T17:36:21+00:00","breadcrumb":{"@id":"https:\/\/camposdehellinqr.com\/index.php\/mingogil-2\/#breadcrumb"},"inLanguage":"es","potentialAction":[{"@type":"ReadAction","target":["https:\/\/camposdehellinqr.com\/index.php\/mingogil-2\/"]}]},{"@type":"BreadcrumbList","@id":"https:\/\/camposdehellinqr.com\/index.php\/mingogil-2\/#breadcrumb","itemListElement":[{"@type":"ListItem","position":1,"name":"Home","item":"https:\/\/camposdehellinqr.com\/"},{"@type":"ListItem","position":2,"name":"Mingogil"}]},{"@type":"WebSite","@id":"https:\/\/camposdehellinqr.com\/#website","url":"https:\/\/camposdehellinqr.com\/","name":"Campos de Hell\u00edn QR","description":"La comarca Campos de Hell\u00edn en 360\u00ba","publisher":{"@id":"https:\/\/camposdehellinqr.com\/#organization"},"potentialAction":[{"@type":"SearchAction","target":{"@type":"EntryPoint","urlTemplate":"https:\/\/camposdehellinqr.com\/?s={search_term_string}"},"query-input":"required name=search_term_string"}],"inLanguage":"es"},{"@type":"Organization","@id":"https:\/\/camposdehellinqr.com\/#organization","name":"Campos de Hell\u00edn QR","url":"https:\/\/camposdehellinqr.com\/","logo":{"@type":"ImageObject","inLanguage":"es","@id":"https:\/\/camposdehellinqr.com\/#\/schema\/logo\/image\/","url":"https:\/\/camposdehellinqr.com\/wp-content\/uploads\/2020\/02\/logoqr.png","contentUrl":"https:\/\/camposdehellinqr.com\/wp-content\/uploads\/2020\/02\/logoqr.png","width":300,"height":50,"caption":"Campos de Hell\u00edn QR"},"image":{"@id":"https:\/\/camposdehellinqr.com\/#\/schema\/logo\/image\/"}}]}},"_links":{"self":[{"href":"https:\/\/camposdehellinqr.com\/index.php\/wp-json\/wp\/v2\/pages\/6143","targetHints":{"allow":["GET"]}}],"collection":[{"href":"https:\/\/camposdehellinqr.com\/index.php\/wp-json\/wp\/v2\/pages"}],"about":[{"href":"https:\/\/camposdehellinqr.com\/index.php\/wp-json\/wp\/v2\/types\/page"}],"author":[{"embeddable":true,"href":"https:\/\/camposdehellinqr.com\/index.php\/wp-json\/wp\/v2\/users\/1"}],"replies":[{"embeddable":true,"href":"https:\/\/camposdehellinqr.com\/index.php\/wp-json\/wp\/v2\/comments?post=6143"}],"version-history":[{"count":5,"href":"https:\/\/camposdehellinqr.com\/index.php\/wp-json\/wp\/v2\/pages\/6143\/revisions"}],"predecessor-version":[{"id":6484,"href":"https:\/\/camposdehellinqr.com\/index.php\/wp-json\/wp\/v2\/pages\/6143\/revisions\/6484"}],"wp:attachment":[{"href":"https:\/\/camposdehellinqr.com\/index.php\/wp-json\/wp\/v2\/media?parent=6143"}],"curies":[{"name":"wp","href":"https:\/\/api.w.org\/{rel}","templated":true}]}}