{"id":6145,"date":"2023-09-19T10:28:34","date_gmt":"2023-09-19T10:28:34","guid":{"rendered":"https:\/\/camposdehellinqr.com\/?page_id=6145"},"modified":"2023-09-19T17:36:10","modified_gmt":"2023-09-19T17:36:10","slug":"canon-de-los-almadenes","status":"publish","type":"page","link":"https:\/\/camposdehellinqr.com\/index.php\/canon-de-los-almadenes\/","title":{"rendered":"Ca\u00f1\u00f3n de los Almadenes"},"content":{"rendered":"\t\t<div data-elementor-type=\"wp-page\" data-elementor-id=\"6145\" class=\"elementor elementor-6145\" data-elementor-post-type=\"page\">\n\t\t\t\t\t\t\t\t\t<section class=\"elementor-section elementor-top-section elementor-element elementor-element-89ef3ac elementor-section-boxed elementor-section-height-default elementor-section-height-default\" data-id=\"89ef3ac\" data-element_type=\"section\">\n\t\t\t\t\t\t\t<div class=\"elementor-background-overlay\"><\/div>\n\t\t\t\t\t\t\t<div class=\"elementor-container elementor-column-gap-default\">\n\t\t\t\t\t<div class=\"elementor-column elementor-col-100 elementor-top-column elementor-element elementor-element-e076a23\" data-id=\"e076a23\" data-element_type=\"column\">\n\t\t\t<div class=\"elementor-widget-wrap elementor-element-populated\">\n\t\t\t\t\t\t\t\t<div class=\"elementor-element elementor-element-c7e6a46 elementor-widget elementor-widget-heading\" data-id=\"c7e6a46\" data-element_type=\"widget\" data-widget_type=\"heading.default\">\n\t\t\t\t<div class=\"elementor-widget-container\">\n\t\t\t<h3 class=\"elementor-heading-title elementor-size-default\">Ca\u00f1\u00f3n de los Almadenes<\/h3>\t\t<\/div>\n\t\t\t\t<\/div>\n\t\t\t\t<div class=\"elementor-element elementor-element-bd15688 elementor-widget elementor-widget-google_maps\" data-id=\"bd15688\" data-element_type=\"widget\" data-widget_type=\"google_maps.default\">\n\t\t\t\t<div class=\"elementor-widget-container\">\n\t\t\t\t\t<div class=\"elementor-custom-embed\">\n\t\t\t<iframe loading=\"lazy\"\n\t\t\t\t\tsrc=\"https:\/\/maps.google.com\/maps?q=Almadenes%20del%20R%C3%ADo%20Mundo&#038;t=m&#038;z=16&#038;output=embed&#038;iwloc=near\"\n\t\t\t\t\ttitle=\"Almadenes del R\u00edo Mundo\"\n\t\t\t\t\taria-label=\"Almadenes del R\u00edo Mundo\"\n\t\t\t><\/iframe>\n\t\t<\/div>\n\t\t\t\t<\/div>\n\t\t\t\t<\/div>\n\t\t\t\t<div class=\"elementor-element elementor-element-3889d7b elementor-widget elementor-widget-text-editor\" data-id=\"3889d7b\" data-element_type=\"widget\" data-widget_type=\"text-editor.default\">\n\t\t\t\t<div class=\"elementor-widget-container\">\n\t\t\t\t\t\t\t<p>En la pedan\u00eda de las Minas, a trav\u00e9s de pintorescos caminos entre arrozales, pozos mineros, ruinas industriales, t\u00faneles excavados en la roca y pasarelas met\u00e1licas llegamos al monumento natural del ca\u00f1\u00f3n de los Almadenes. Sobre una pasarela de hormig\u00f3n que une las dos paredes que forman el ca\u00f1\u00f3n podemos contemplar como el cauce del r\u00edo Mundo durante milenios ha ido erosionando la roca calc\u00e1rea y formando la garganta.<\/p>\t\t\t\t\t\t<\/div>\n\t\t\t\t<\/div>\n\t\t\t\t<div class=\"elementor-element elementor-element-1ba3ed5 elementor-widget elementor-widget-image\" data-id=\"1ba3ed5\" data-element_type=\"widget\" data-widget_type=\"image.default\">\n\t\t\t\t<div class=\"elementor-widget-container\">\n\t\t\t\t\t\t\t\t\t\t\t\t\t\t\t\t<a href=\"\/images\/360\/23\/index.htm\">\n\t\t\t\t\t\t\t<img loading=\"lazy\" decoding=\"async\" width=\"800\" height=\"403\" src=\"https:\/\/camposdehellinqr.com\/wp-content\/uploads\/2023\/09\/caalmadenes.jpg\" class=\"attachment-large size-large wp-image-6069\" alt=\"\" srcset=\"https:\/\/camposdehellinqr.com\/wp-content\/uploads\/2023\/09\/caalmadenes.jpg 800w, https:\/\/camposdehellinqr.com\/wp-content\/uploads\/2023\/09\/caalmadenes-300x151.jpg 300w, https:\/\/camposdehellinqr.com\/wp-content\/uploads\/2023\/09\/caalmadenes-768x387.jpg 768w\" sizes=\"auto, (max-width: 800px) 100vw, 800px\" \/>\t\t\t\t\t\t\t\t<\/a>\n\t\t\t\t\t\t\t\t\t\t\t\t\t\t\t<\/div>\n\t\t\t\t<\/div>\n\t\t\t\t<div class=\"elementor-element elementor-element-a56a1c7 elementor-widget elementor-widget-text-editor\" data-id=\"a56a1c7\" data-element_type=\"widget\" data-widget_type=\"text-editor.default\">\n\t\t\t\t<div class=\"elementor-widget-container\">\n\t\t\t\t\t\t\t<p><strong><a href=\"http:\/\/www.camposdehellinqr.com\/images\/360\/23\/index.htm\">Acceder a Visita Virtual 360\u00ba<\/a><\/strong><\/p>\t\t\t\t\t\t<\/div>\n\t\t\t\t<\/div>\n\t\t\t\t<div class=\"elementor-element elementor-element-dc941c8 elementor-widget elementor-widget-text-editor\" data-id=\"dc941c8\" data-element_type=\"widget\" data-widget_type=\"text-editor.default\">\n\t\t\t\t<div class=\"elementor-widget-container\">\n\t\t\t\t\t\t\t<p>Sin duda uno de los atractivos es la arruinada pasarela de hormig\u00f3n en la pared derecha que en su d\u00eda conduc\u00eda al personal t\u00e9cnico a pie de presa y que \u2013cerrada al paso a d\u00eda de hoy- no permite avanzar m\u00e1s de unas decenas de metros.<\/p><p>A principios de siglo XX la entonces denominada Mancomunidad Hidrogr\u00e1fica del Segura se vio en la necesidad de construir una nueva presa que complementara a la del Talave con el fin de, adem\u00e1s del regad\u00edo, amortiguar las ocasionales crecidas que devastaban la zona en sus numerosas ramblas.<\/p><p>El lugar elegido fue el ca\u00f1\u00f3n de los Almadenes, presumiblemente por el hecho de que la presa que habr\u00eda de levantarse, al ser un lugar tan estrecho y as\u00ed aprovecharse de manera natural para la contenci\u00f3n de las aguas las sierras a ambos lados del ca\u00f1\u00f3n, reducir\u00eda sensiblemente los costes de una obra de tal magnitud.<\/p><p>Las obras fueron cubiertas y documentadas fotogr\u00e1ficamente en numerosos medios escritos, destac\u00e1ndose lo estrecho de la presa e incluso afirm\u00e1ndose que sin duda alguna era \u201cla m\u00e1s estrecha garganta de los pantanos de todo el mundo\u201d.<\/p><p>Dentro de las obras de acondicionamiento lo m\u00e1s costoso fue desviar en tres kil\u00f3metros la l\u00ednea f\u00e9rrea Madrid-Cartagena, ya que el tramo quedar\u00eda anegado por las aguas. Para ello hubo que realizar varios viaductos y un t\u00fanel.<\/p><p>El inicio de la obra fue inaugurado por el presidente de la Rep\u00fablica D. Niceto Alcal\u00e1 Zamora, en Marzo de 1932 y la presa ya concluida fue inaugurada el 6 de junio de 1963 por el general Francisco Franco en tiempos de la Dictadura.<\/p>\t\t\t\t\t\t<\/div>\n\t\t\t\t<\/div>\n\t\t\t\t\t<\/div>\n\t\t<\/div>\n\t\t\t\t\t\t\t<\/div>\n\t\t<\/section>\n\t\t\t\t\t\t\t<\/div>\n\t\t","protected":false},"excerpt":{"rendered":"<p>Ca\u00f1\u00f3n de los Almadenes En la pedan\u00eda de las Minas, a trav\u00e9s de pintorescos caminos entre arrozales, pozos mineros, ruinas industriales, t\u00faneles excavados en la roca y pasarelas met\u00e1licas llegamos al monumento natural del ca\u00f1\u00f3n de los Almadenes. Sobre una pasarela de hormig\u00f3n que une las dos paredes que forman el ca\u00f1\u00f3n podemos contemplar como &hellip;<\/p>\n<p class=\"read-more\"> <a class=\"\" href=\"https:\/\/camposdehellinqr.com\/index.php\/canon-de-los-almadenes\/\"> <span class=\"screen-reader-text\">Ca\u00f1\u00f3n de los Almadenes<\/span> Leer m\u00e1s &raquo;<\/a><\/p>\n","protected":false},"author":1,"featured_media":0,"parent":0,"menu_order":0,"comment_status":"closed","ping_status":"closed","template":"","meta":{"site-sidebar-layout":"no-sidebar","site-content-layout":"page-builder","ast-site-content-layout":"full-width-container","site-content-style":"default","site-sidebar-style":"default","ast-global-header-display":"","ast-banner-title-visibility":"","ast-main-header-display":"","ast-hfb-above-header-display":"","ast-hfb-below-header-display":"","ast-hfb-mobile-header-display":"","site-post-title":"disabled","ast-breadcrumbs-content":"","ast-featured-img":"disabled","footer-sml-layout":"","theme-transparent-header-meta":"","adv-header-id-meta":"","stick-header-meta":"","header-above-stick-meta":"","header-main-stick-meta":"","header-below-stick-meta":"","astra-migrate-meta-layouts":"set","footnotes":""},"class_list":["post-6145","page","type-page","status-publish","hentry"],"yoast_head":"<!-- This site is optimized with the Yoast SEO Premium plugin v20.0 (Yoast SEO v21.3) - https:\/\/yoast.com\/wordpress\/plugins\/seo\/ -->\n<title>Ca\u00f1\u00f3n de los Almadenes - Campos de Hell\u00edn QR<\/title>\n<meta name=\"robots\" content=\"index, follow, max-snippet:-1, max-image-preview:large, max-video-preview:-1\" \/>\n<link rel=\"canonical\" href=\"https:\/\/camposdehellinqr.com\/index.php\/canon-de-los-almadenes\/\" \/>\n<meta property=\"og:locale\" content=\"es_ES\" \/>\n<meta property=\"og:type\" content=\"article\" \/>\n<meta property=\"og:title\" content=\"Ca\u00f1\u00f3n de los Almadenes\" \/>\n<meta property=\"og:description\" content=\"Ca\u00f1\u00f3n de los Almadenes En la pedan\u00eda de las Minas, a trav\u00e9s de pintorescos caminos entre arrozales, pozos mineros, ruinas industriales, t\u00faneles excavados en la roca y pasarelas met\u00e1licas llegamos al monumento natural del ca\u00f1\u00f3n de los Almadenes. Sobre una pasarela de hormig\u00f3n que une las dos paredes que forman el ca\u00f1\u00f3n podemos contemplar como &hellip; Ca\u00f1\u00f3n de los Almadenes Leer m\u00e1s &raquo;\" \/>\n<meta property=\"og:url\" content=\"https:\/\/camposdehellinqr.com\/index.php\/canon-de-los-almadenes\/\" \/>\n<meta property=\"og:site_name\" content=\"Campos de Hell\u00edn QR\" \/>\n<meta property=\"article:modified_time\" content=\"2023-09-19T17:36:10+00:00\" \/>\n<meta property=\"og:image\" content=\"https:\/\/camposdehellinqr.com\/wp-content\/uploads\/2023\/09\/caalmadenes.jpg\" \/>\n<meta name=\"twitter:card\" content=\"summary_large_image\" \/>\n<meta name=\"twitter:label1\" content=\"Tiempo de lectura\" \/>\n\t<meta name=\"twitter:data1\" content=\"2 minutos\" \/>\n<script type=\"application\/ld+json\" class=\"yoast-schema-graph\">{\"@context\":\"https:\/\/schema.org\",\"@graph\":[{\"@type\":\"WebPage\",\"@id\":\"https:\/\/camposdehellinqr.com\/index.php\/canon-de-los-almadenes\/\",\"url\":\"https:\/\/camposdehellinqr.com\/index.php\/canon-de-los-almadenes\/\",\"name\":\"Ca\u00f1\u00f3n de los Almadenes - Campos de Hell\u00edn QR\",\"isPartOf\":{\"@id\":\"https:\/\/camposdehellinqr.com\/#website\"},\"datePublished\":\"2023-09-19T10:28:34+00:00\",\"dateModified\":\"2023-09-19T17:36:10+00:00\",\"breadcrumb\":{\"@id\":\"https:\/\/camposdehellinqr.com\/index.php\/canon-de-los-almadenes\/#breadcrumb\"},\"inLanguage\":\"es\",\"potentialAction\":[{\"@type\":\"ReadAction\",\"target\":[\"https:\/\/camposdehellinqr.com\/index.php\/canon-de-los-almadenes\/\"]}]},{\"@type\":\"BreadcrumbList\",\"@id\":\"https:\/\/camposdehellinqr.com\/index.php\/canon-de-los-almadenes\/#breadcrumb\",\"itemListElement\":[{\"@type\":\"ListItem\",\"position\":1,\"name\":\"Home\",\"item\":\"https:\/\/camposdehellinqr.com\/\"},{\"@type\":\"ListItem\",\"position\":2,\"name\":\"Ca\u00f1\u00f3n de los Almadenes\"}]},{\"@type\":\"WebSite\",\"@id\":\"https:\/\/camposdehellinqr.com\/#website\",\"url\":\"https:\/\/camposdehellinqr.com\/\",\"name\":\"Campos de Hell\u00edn QR\",\"description\":\"La comarca Campos de Hell\u00edn en 360\u00ba\",\"publisher\":{\"@id\":\"https:\/\/camposdehellinqr.com\/#organization\"},\"potentialAction\":[{\"@type\":\"SearchAction\",\"target\":{\"@type\":\"EntryPoint\",\"urlTemplate\":\"https:\/\/camposdehellinqr.com\/?s={search_term_string}\"},\"query-input\":\"required name=search_term_string\"}],\"inLanguage\":\"es\"},{\"@type\":\"Organization\",\"@id\":\"https:\/\/camposdehellinqr.com\/#organization\",\"name\":\"Campos de Hell\u00edn QR\",\"url\":\"https:\/\/camposdehellinqr.com\/\",\"logo\":{\"@type\":\"ImageObject\",\"inLanguage\":\"es\",\"@id\":\"https:\/\/camposdehellinqr.com\/#\/schema\/logo\/image\/\",\"url\":\"https:\/\/camposdehellinqr.com\/wp-content\/uploads\/2020\/02\/logoqr.png\",\"contentUrl\":\"https:\/\/camposdehellinqr.com\/wp-content\/uploads\/2020\/02\/logoqr.png\",\"width\":300,\"height\":50,\"caption\":\"Campos de Hell\u00edn QR\"},\"image\":{\"@id\":\"https:\/\/camposdehellinqr.com\/#\/schema\/logo\/image\/\"}}]}<\/script>\n<!-- \/ Yoast SEO Premium plugin. -->","yoast_head_json":{"title":"Ca\u00f1\u00f3n de los Almadenes - Campos de Hell\u00edn QR","robots":{"index":"index","follow":"follow","max-snippet":"max-snippet:-1","max-image-preview":"max-image-preview:large","max-video-preview":"max-video-preview:-1"},"canonical":"https:\/\/camposdehellinqr.com\/index.php\/canon-de-los-almadenes\/","og_locale":"es_ES","og_type":"article","og_title":"Ca\u00f1\u00f3n de los Almadenes","og_description":"Ca\u00f1\u00f3n de los Almadenes En la pedan\u00eda de las Minas, a trav\u00e9s de pintorescos caminos entre arrozales, pozos mineros, ruinas industriales, t\u00faneles excavados en la roca y pasarelas met\u00e1licas llegamos al monumento natural del ca\u00f1\u00f3n de los Almadenes. Sobre una pasarela de hormig\u00f3n que une las dos paredes que forman el ca\u00f1\u00f3n podemos contemplar como &hellip; Ca\u00f1\u00f3n de los Almadenes Leer m\u00e1s &raquo;","og_url":"https:\/\/camposdehellinqr.com\/index.php\/canon-de-los-almadenes\/","og_site_name":"Campos de Hell\u00edn QR","article_modified_time":"2023-09-19T17:36:10+00:00","og_image":[{"url":"https:\/\/camposdehellinqr.com\/wp-content\/uploads\/2023\/09\/caalmadenes.jpg"}],"twitter_card":"summary_large_image","twitter_misc":{"Tiempo de lectura":"2 minutos"},"schema":{"@context":"https:\/\/schema.org","@graph":[{"@type":"WebPage","@id":"https:\/\/camposdehellinqr.com\/index.php\/canon-de-los-almadenes\/","url":"https:\/\/camposdehellinqr.com\/index.php\/canon-de-los-almadenes\/","name":"Ca\u00f1\u00f3n de los Almadenes - Campos de Hell\u00edn QR","isPartOf":{"@id":"https:\/\/camposdehellinqr.com\/#website"},"datePublished":"2023-09-19T10:28:34+00:00","dateModified":"2023-09-19T17:36:10+00:00","breadcrumb":{"@id":"https:\/\/camposdehellinqr.com\/index.php\/canon-de-los-almadenes\/#breadcrumb"},"inLanguage":"es","potentialAction":[{"@type":"ReadAction","target":["https:\/\/camposdehellinqr.com\/index.php\/canon-de-los-almadenes\/"]}]},{"@type":"BreadcrumbList","@id":"https:\/\/camposdehellinqr.com\/index.php\/canon-de-los-almadenes\/#breadcrumb","itemListElement":[{"@type":"ListItem","position":1,"name":"Home","item":"https:\/\/camposdehellinqr.com\/"},{"@type":"ListItem","position":2,"name":"Ca\u00f1\u00f3n de los Almadenes"}]},{"@type":"WebSite","@id":"https:\/\/camposdehellinqr.com\/#website","url":"https:\/\/camposdehellinqr.com\/","name":"Campos de Hell\u00edn QR","description":"La comarca Campos de Hell\u00edn en 360\u00ba","publisher":{"@id":"https:\/\/camposdehellinqr.com\/#organization"},"potentialAction":[{"@type":"SearchAction","target":{"@type":"EntryPoint","urlTemplate":"https:\/\/camposdehellinqr.com\/?s={search_term_string}"},"query-input":"required name=search_term_string"}],"inLanguage":"es"},{"@type":"Organization","@id":"https:\/\/camposdehellinqr.com\/#organization","name":"Campos de Hell\u00edn QR","url":"https:\/\/camposdehellinqr.com\/","logo":{"@type":"ImageObject","inLanguage":"es","@id":"https:\/\/camposdehellinqr.com\/#\/schema\/logo\/image\/","url":"https:\/\/camposdehellinqr.com\/wp-content\/uploads\/2020\/02\/logoqr.png","contentUrl":"https:\/\/camposdehellinqr.com\/wp-content\/uploads\/2020\/02\/logoqr.png","width":300,"height":50,"caption":"Campos de Hell\u00edn QR"},"image":{"@id":"https:\/\/camposdehellinqr.com\/#\/schema\/logo\/image\/"}}]}},"_links":{"self":[{"href":"https:\/\/camposdehellinqr.com\/index.php\/wp-json\/wp\/v2\/pages\/6145","targetHints":{"allow":["GET"]}}],"collection":[{"href":"https:\/\/camposdehellinqr.com\/index.php\/wp-json\/wp\/v2\/pages"}],"about":[{"href":"https:\/\/camposdehellinqr.com\/index.php\/wp-json\/wp\/v2\/types\/page"}],"author":[{"embeddable":true,"href":"https:\/\/camposdehellinqr.com\/index.php\/wp-json\/wp\/v2\/users\/1"}],"replies":[{"embeddable":true,"href":"https:\/\/camposdehellinqr.com\/index.php\/wp-json\/wp\/v2\/comments?post=6145"}],"version-history":[{"count":5,"href":"https:\/\/camposdehellinqr.com\/index.php\/wp-json\/wp\/v2\/pages\/6145\/revisions"}],"predecessor-version":[{"id":6482,"href":"https:\/\/camposdehellinqr.com\/index.php\/wp-json\/wp\/v2\/pages\/6145\/revisions\/6482"}],"wp:attachment":[{"href":"https:\/\/camposdehellinqr.com\/index.php\/wp-json\/wp\/v2\/media?parent=6145"}],"curies":[{"name":"wp","href":"https:\/\/api.w.org\/{rel}","templated":true}]}}